mon factor of 288 and 748152.
72
Calculate the greatest common factor of 57 and 82707.
57
What is the highest common divisor of 580496 and 2698?
142
Calculate the highest common divisor of 854020 and 20.
20
What is the highest common divisor of 792 and 45837?
99
Calculate the highest common divisor of 88 and 1498684.
44
What is the highest common divisor of 24603 and 236?
59
What is the greatest common factor of 25348 and 32?
4
Calculate the highest common factor of 188 and 152.
4
What is the greatest common divisor of 644149 and 93?
31
What is the greatest common factor of 108 and 1114668?
108
Calculate the greatest common factor of 205440 and 1848.
24
What is the greatest common divisor of 514 and 527621?
257
Calculate the greatest common divisor of 7040 and 2860.
220
What is the highest common divisor of 2339296 and 3936?
1312
What is the greatest common divisor of 4113 and 9?
9
Calculate the highest common divisor of 1104 and 156816.
48
Calculate the greatest common divisor of 1335 and 82325.
445
What is the greatest common divisor of 532 and 47215?
133
What is the greatest common divisor of 135311 and 11?
11
Calculate the greatest common divisor of 24 and 82452.
12
Calculate the greatest common divisor of 108 and 972648.
108
Calculate the highest common divisor of 54510 and 100.
10
What is the highest common divisor of 507 and 101829?
39
What is the highest common divisor of 130 and 35854?
26
Calculate the highest common factor of 3875 and 19840.
155
Calculate the greatest common factor of 278 and 337909.
139
Calculate the highest common divisor of 8 and 61144.
8
Calculate the greatest common divisor of 11187 and 1469.
113
Calculate the highest common factor of 125840 and 780.
260
What is the highest common divisor of 962999 and 3145?
629
What is the greatest common divisor of 467654 and 116?
58
Calculate the greatest common factor of 32285 and 3245.
55
Calculate the highest common divisor of 2394 and 28557.
171
What is the greatest common factor of 481 and 884?
13
Calculate the highest common factor of 30221 and 141.
47
What is the greatest common divisor of 3330516 and 1953?
651
What is the highest common factor of 69159 and 27?
3
What is the greatest common divisor of 30 and 18990?
30
What is the highest common factor of 12069 and 2187?
81
Calculate the highest common factor of 940 and 43380.
20
What is the greatest common divisor of 95 and 421925?
5
What is the highest common divisor of 174320 and 5?
5
Calculate the highest common factor of 6048 and 119056.
112
Calculate the greatest common factor of 15865 and 1045.
95
Calculate the greatest common divisor of 468 and 2446236.
468
What is the highest common divisor of 10 and 71510?
10
What is the highest common factor of 3289 and 17641?
299
Calculate the highest common factor of 77 and 10997.
7
What is the highest common factor of 462 and 543081?
231
Calculate the greatest common divisor of 529215 and 405.
15
What is the highest common divisor of 44586 and 57?
3
What is the greatest common divisor of 13005 and 510?
255
What is the greatest common factor of 81 and 243378?
27
Calculate the greatest common divisor of 3230 and 44897.
323
Calculate the greatest common factor of 156 and 832845.
39
Calculate the highest common divisor of 46355 and 14605.
635
What is the highest common factor of 10 and 2722?
2
Calculate the highest common divisor of 6024 and 4335774.
1506
Calculate the greatest common factor of 4885 and 290.
5
Calculate the greatest common divisor of 2870 and 55350.
410
What is the greatest common divisor of 693 and 33341?
77
Calculate the greatest common factor of 12097719 and 331.
331
Calculate the greatest common divisor of 59831 and 17343.
47
Calculate the greatest common divisor of 40278 and 3699.
411
What is the highest common factor of 32 and 4177504?
32
What is the greatest common factor of 1420 and 1060?
20
What is the greatest common divisor of 26 and 64831?
13
Calculate the highest common factor of 7347 and 8277.
93
Calculate the greatest common factor of 186 and 10776.
6
What is the greatest common factor of 784 and 17080?
56
What is the greatest common divisor of 7452 and 206712?
324
What is the greatest common divisor of 960 and 1695?
15
Calculate the highest common factor of 82 and 125542.
82
Calculate the highest common factor of 35 and 687785.
35
What is the highest common divisor of 20328 and 1188?
132
What is the highest common divisor of 65998 and 6?
2
What is the greatest common factor of 13287 and 3?
3
Calculate the greatest common divisor of 278955 and 1125.
45
What is the greatest common factor of 144 and 27536?
16
What is the greatest common divisor of 3 and 622926?
3
What is the greatest common factor of 3 and 47621?
1
Calculate the highest common factor of 918 and 19822.
34
Calculate the greatest common divisor of 563287 and 1.
1
What is the highest common factor of 1176 and 10878?
294
What is the highest common divisor of 18 and 250338?
6
Calculate the highest common divisor of 32 and 51032.
8
Calculate the highest common factor of 3162 and 7626.
186
What is the greatest common divisor of 3600 and 153425?
25
What is the highest common factor of 6 and 9474?
6
Calculate the highest common factor of 101093 and 172.
43
What is the greatest common divisor of 466210 and 690?
230
Calculate the highest common factor of 43 and 8213.
43
Calculate the highest common divisor of 19607 and 119.
7
Calculate the greatest common divisor of 6280 and 190.
10
Calculate the greatest common factor of 9 and 52149.
3
What is the highest common divisor of 775 and 2575?
25
What is the highest common factor of 1529 and 1078?
11
Calculate the greatest common factor of 5106764 and 52.
52
What is the greatest common factor of 2199533 and 28?
7
What is the highest common factor of 724 and 68?
4
What is the greatest common factor of 52 and 303836?
52
Calculate the greatest common divisor of 6 and 20340.
6
What is the greatest common divisor of 347 and 7981?
347
Calculate the greatest common factor of 458812 and 836.
76
What is the greatest common divisor of 126954 and 216?
54
Calculate the highest common factor of 10 and 9034.
2
What is the greatest common factor of 35 and 106715?
35
What is the highest common factor of 10 and 271030?
10
What is the highest common divisor of 909 and 32008617?
909
What is the greatest common divisor of 351 and 205959?
39
Calculate the greatest common factor of 207103 and 1969.
179
What is the highest common factor of 312 and 33504?
24
Calculate the greatest common factor of 12 and 5168.
4
What is the highest common factor of 6161 and 6363?
101
Calculate the greatest common divisor of 22372 and 544.
68
What is the greatest common factor of 13713 and 1239?
21
Calculate the greatest common divisor of 74376 and 45.
9
Calculate the greatest common divisor of 62 and 669569.
31
Calculate the greatest common divisor of 51480 and 22.
22
Calculate the highest common factor of 4540 and 643772.
908
Calculate the greatest common factor of 92 and 106697.
23
What is the highest common factor of 448 and 286912?
64
Calculate the highest common divisor of 940 and 580.
20
What is the greatest common divisor of 8397 and 54?
27
Calculate the highest common factor of 36 and 329436.
36
Calculate the highest common divisor of 169 and 39.
13
What is the highest common divisor of 5181427 and 2019?
673
What is the highest common factor of 2609690 and 20?
10
Calculate the greatest common divisor of 30475 and 7025.
25
What is the highest common factor of 115567 and 163?
163
What is the greatest common divisor of 42 and 128?
2
What is the greatest common factor of 36 and 990?
18
Calculate the highest common divisor of 24 and 599544.
24
Calculate the greatest common factor of 16297 and 129.
43
What is the greatest common divisor of 2682 and 534612?
894
Calculate the greatest common factor of 90 and 4890.
30
Calculate the highest common divisor of 1756725 and 1770.
885
What is the greatest common divisor of 870 and 244905?
435
Calculate the greatest common factor of 91 and 14101451.
91
Calculate the highest common factor of 872 and 14606.
218
Calculate the greatest common factor of 277 and 34071.
277
Calculate the greatest common divisor of 12 and 553425.
3
Calculate the gre